?
False
Is 843417799 a prime number?
False
Is 6857039149 a composite number?
False
Is 168123161 a composite number?
True
Is 359424797 a composite number?
True
Is 24752442203 a composite number?
False
Is 266658533 composite?
False
Is 16155171647 a prime number?
False
Is 1091533187 prime?
True
Is 128879943 prime?
False
Is 69780170543 composite?
True
Is 33460588391 prime?
True
Is 3065136157 prime?
True
Is 9296025859 a composite number?
True
Is 158215944291 prime?
False
Is 439054039 a composite number?
False
Is 180176042 a composite number?
True
Is 1357031397 prime?
False
Is 1998872267 a prime number?
False
Is 100996689623 composite?
False
Is 542649353 a composite number?
False
Is 381982247 composite?
True
Is 32607668993 a composite number?
True
Is 134767730147 prime?
True
Is 1586982721 a composite number?
True
Is 15438220891 composite?
False
Is 211419665803 composite?
False
Is 381865229 a composite number?
False
Is 1079833409 a composite number?
True
Is 581568187 prime?
True
Is 67689708391 a composite number?
True
Is 31460208763 composite?
False
Is 5879249659 prime?
False
Is 257390109217 prime?
True
Is 261432653 composite?
True
Is 41620041539 prime?
True
Is 27375291647 a prime number?
False
Is 764641303 a composite number?
False
Is 5755916207 prime?
True
Is 5690216218 prime?
False
Is 6588395459 composite?
False
Is 1511030021 composite?
True
Is 1264960909 composite?
True
Is 3794579665 composite?
True
Is 45681645913 a prime number?
True
Is 4704117267 a composite number?
True
Is 109401855685 a composite number?
True
Is 594117322 a prime number?
False
Is 4040011123 composite?
False
Is 100974803 composite?
False
Is 10884982733 a composite number?
True
Is 490760603 composite?
False
Is 109452533243 a prime number?
True
Is 22571503489 prime?
True
Is 310474657757 composite?
True
Is 552155507 composite?
False
Is 13008966743 prime?
False
Is 108603562751 prime?
True
Is 1564226341 a prime number?
True
Is 5522378699 prime?
True
Is 1623412577 prime?
False
Is 22042096981 prime?
False
Is 48749809819 composite?
False
Is 7995069671 prime?
True
Is 7780365973 composite?
False
Is 42574132415 composite?
True
Is 4002153941 prime?
False
Is 22936105999 prime?
False
Is 9327605941 prime?
False
Is 3258429613 composite?
True
Is 1434235937 a prime number?
True
Is 3095553337 composite?
True
Is 92109671 composite?
True
Is 1308198973 a composite number?
True
Is 1068647603 composite?
True
Is 2891627143 composite?
False
Is 370372577 composite?
True
Is 230737189 a composite number?
True
Is 411455381 a prime number?
True
Is 52954903453 a prime number?
False
Is 10526945951 composite?
False
Is 9345529549 prime?
False
Is 17047070479 prime?
False
Is 2760788609 prime?
True
Is 521521313 a composite number?
True
Is 11999308891 a prime number?
False
Is 112391239 composite?
True
Is 746168431 a prime number?
False
Is 2448636781 prime?
True
Is 2931163583 a prime number?
False
Is 21501662003 composite?
True
Is 766685927 a prime number?
False
Is 81170550059 prime?
True
Is 2324707613 a prime number?
False
Is 119814667 a prime number?
False
Is 311474773 a composite number?
True
Is 347724119 composite?
False
Is 22459252929 a composite number?
True
Is 910799347 a prime number?
True
Is 73663490761 prime?
False
Is 6629369 prime?
True
Is 30010058879 a prime number?
True
Is 2838547949 a composite number?
True
Is 9898248557 composite?
True
Is 9419449181 a composite number?
False
Is 11495845001 composite?
False
Is 72565277 a composite number?
False
Is 1131766919 prime?
False
Is 1462844939 a prime number?
True
Is 891796259 composite?
False
Is 1280829157 a prime number?
False
Is 32011137419 a composite number?
False
Is 4926795781 prime?
False
Is 207021539 a prime number?
True
Is 4786447 a composite number?
False
Is 4147014769 a composite number?
False
Is 33212319689 prime?
True
Is 55329304633 composite?
False
Is 7339204969 prime?
False
Is 10536732617 composite?
True
Is 3228762731 prime?
True
Is 11343073579 a prime number?
True
Is 228824737 a composite number?
False
Is 474546229 prime?
True
Is 2549472929 composite?
False
Is 3398297789 a composite number?
True
Is 5551636577 a composite number?
True
Is 828087643 prime?
True
Is 6338758373 a composite number?
False
Is 18101762999 prime?
True
Is 4287023149 prime?
True
Is 12791801663 composite?
False
Is 1945347619 a prime number?
False
Is 6879950291 composite?
False
Is 17665961623 a prime number?
False
Is 3273738733 prime?
False
Is 114253290419 composite?
True
Is 55119806223 composite?
True
Is 1183364197 prime?
True
Is 924360557 prime?
True
Is 1118621563 prime?
True
Is 191842831 a composite number?
False
Is 2964472519 prime?
True
Is 16166545513 prime?
True
Is 27091505407 a composite number?
False
Is 223047823 prime?
False
Is 62761392959 prime?
True
Is 46109480411 a composite number?
True
Is 12476050987 composite?
False
Is 663854981 prime?
False
Is 416432173 prime?
False
Is 9017870929 composite?
True
Is 36313190351 prime?
True
Is 1473290909 composite?
False
Is 599522797 a composite number?
False
Is 6749009335 a composite number?
True
Is 8156333 composite?
True
Is 34131879233 a prime number?
True
Is 1534612897 a prime number?
True
Is 1428192914 a composite number?
True
Is 831073483 a prime number?
True
Is 1353233369 prime?
False
Is 28572547067 composite?
False
Is 2751103921 a prime number?
False
Is 26737721729 composite?
True
Is 1214245643 prime?
False
Is 54762298729 prime?
False
Is 2798909593 prime?
True
Is 249508417 a prime number?
False
Is 1480628483 prime?
False
Is 263366639 a composite number?
False
Is 28427621641 a prime number?
False
Is 7776695749 prime?
True
Is 115280507 prime?
True
Is 6998202791 a prime number?
False
Is 257914333 a prime number?
False
Is 10864502357 a composite number?
False
Is 21562929821 composite?
False
Is 19732359277 prime?
True
Is 141318794621 a prime number?
True
Is 412373 a composite number?
True
Is 73926895087 a prime number?
False
Is 470185433 a prime number?
False
Is 1793564023 a prime number?
True
Is 2436339673 a prime number?
True
Is 4624438081 composite?
True
Is 86045871271 a composite number?
False
Is 1580409499 a composite number?
True
Is 724116511 prime?
True
Is 624377741 prime?
False
Is 202036618079 a composite number?
True
Is 1469204827 a composite number?
True
Is 113564900833 prime?
True
Is 468594229 a composite number?
True
Is 12292252193 composite?
True
Is 19070315591 prime?
False
Is 5313664117 a prime number?
True
Is 10130513509 prime?
False
Is 75069472999 a composite number?
True
Is 56580381763 a composite number?
True
Is 2665313737 a prime number?
False
Is 1756848359 a prime number?
False
Is 22761062501 a prime number?
True
Is 5189951643 prime?
False
Is 14579533469 composite?
False
Is 55845377187 a prime number?
False
Is 111345659723 a composite number?
False
Is 1088648207 composite?
False
Is 162303530201 composite?
False
Is 11284816187 prime?
False
Is 740253791 a prime number?
True
Is 81324885661 composite?
True
Is 2287853927 composite?
True
Is 5148077849 a composite number?
True
Is 838549373 a composite number?
False
Is 1344105331 prime?
False
Is 186761573 composite?
False
Is 195643151 composite?
True
Is 14544298879 prime?
False
Is 25094970227 a prime number?
True
Is 1269176869 a prime number?
False
Is 1403128803 a prime number?
False
Is 49222851421 prime?
False
Is 2091988951 composite?
True
Is 7347842449 a composite number?
True
Is 11281275001 prime?
False
Is 4318100357 prime?
True
Is 531195037 prime?
True
Is 31868507659 composite?
True
Is 958428661 a composite number?
True
Is 1571045363 a prime number?
False
Is 9102179017 prime?
True
Is 112065453365 a prime number?
False
Is 34432033729 a composite number?
True
Is 6955719117 a composite number?
True
Is 140595817 a composite number?
False
Is 16329436283 composite?
True
Is 8213789869 a composite number?
True
Is 1851664631 prime?
True
Is 3260338033 a prime number?
True
Is 833201123 composite?
True
Is 168049873 a composite number?
False
Is 1337678921 prime?
True
Is 124437457 prime?
False
Is 1339619269 a composite number?
False
Is 349218577 composite?
False
Is 68701475229 prime?
False
Is 34712512637 a composite number?
True
Is 9169753079 a composite number?
False
Is 127630469 a prime number?
True
Is 226288889 a prime number?
True
Is 7860528211 composite?
True
Is 21